0 (base 10) to base 14.
-bdb4
Convert -37073 (base 9) to base 2.
-110000100010100
Convert -30100 (base 4) to base 16.
-310
-981a (base 14) to base 7
-136433
Convert 434 (base 5) to base 3.
11102
What is -1001100011010 (base 2) in base 5?
-124030
Convert -1110 (base 9) to base 8.
-1463
What is 22102 (base 3) in base 15?
102
Convert -421055 (base 6) to base 14.
-c52b
-2120 (base 5) to base 16
-11d
Convert -3353 (base 6) to base 2.
-1100010101
Convert -10030 (base 5) to base 6.
-2544
20301 (base 6) to base 11
2036
What is -15120 (base 6) in base 16?
-978
Convert 3112 (base 5) to base 4.
12113
What is -9b21 (base 12) in base 9?
-25477
What is -1336 (base 9) in base 7?
-2634
-7313 (base 11) to base 4
-2113132
Convert -8f0 (base 16) to base 11.
-17a0
-10110000 (base 2) to base 10
-176
What is -1261 (base 8) in base 6?
-3105
Convert 276 (base 9) to base 3.
22120
What is 503 (base 9) in base 8?
630
Convert -61301 (base 7) to base 12.
-8755
What is 677 (base 11) in base 10?
810
Convert 353 (base 12) to base 16.
1ef
-4754 (base 8) to base 4
-213230
Convert 6588 (base 16) to base 13.
baa5
504 (base 13) to base 2
1101010001
-13432 (base 5) to base 12
-791
What is 999 (base 12) in base 11?
1075
-10010000101110 (base 2) to base 12
-543a
What is 145 (base 9) in base 14?
8a
Convert 2292 (base 16) to base 3.
110010210
Convert 3753 (base 9) to base 15.
c6c
What is -731 (base 9) in base 15?
-29a
What is 6962 (base 13) in base 11?
1011a
Convert -24a97 (base 12) to base 8.
-141423
Convert 28 (base 15) to base 16.
26
Convert -2121 (base 5) to base 4.
-10132
-355 (base 15) to base 9
-1028
What is a971 (base 11) in base 6?
151005
Convert -2130011 (base 5) to base 10.
-36256
What is 473 (base 14) in base 3?
1012210
343 (base 14) to base 15
2d2
Convert 2103 (base 5) to base 6.
1142
Convert 1225 (base 7) to base 9.
561
Convert -121 (base 16) to base 10.
-289
96 (base 13) to base 3
11120
395 (base 11) to base 16
1d3
What is -1122002001 (base 3) in base 15?
-97c1
Convert 58604 (base 9) to base 2.
1001100011010111
What is b2d (base 15) in base 6?
15354
-105355 (base 6) to base 14
-33cb
-656 (base 9) to base 2
-1000011001
1423334 (base 5) to base 4
13102110
6502 (base 10) to base 12
391a
What is 44626 (base 7) in base 4?
2300122
Convert -618 (base 9) to base 11.
-418
Convert -31223 (base 6) to base 9.
-5666
Convert -d49 (base 15) to base 13.
-1494
What is -3d1c (base 14) in base 12?
-6306
301c (base 14) to base 12
4942
-d257 (base 15) to base 13
-1729c
What is -10000110100011111 (base 2) in base 4?
-100310133
What is 24b (base 16) in base 5?
4322
Convert -1011001011 (base 2) to base 14.
-391
What is 3363 (base 10) in base 7?
12543
Convert -175 (base 11) to base 7.
-410
What is -3000 (base 4) in base 3?
-21010
-20135 (base 8) to base 15
-26c5
What is -25856 (base 9) in base 7?
-101631
What is 19478 (base 10) in base 9?
28642
What is a310 (base 11) in base 6?
143204
What is 66146 (base 7) in base 8?
40243
What is -2700 (base 10) in base 14?
-dac
-4a2 (base 12) to base 5
-10243
Convert 33936 (base 10) to base 4.
20102100
What is 112001 (base 5) in base 13?
1a8a
Convert 545 (base 7) to base 6.
1142
Convert 87c (base 16) to base 3.
2222110
11550 (base 9) to base 13
36a5
Convert -7665 (base 10) to base 15.
-2410
-101001120 (base 3) to base 7
-30243
What is b56 (base 13) in base 5?
30210
What is 108dc (base 15) in base 6?
1043400
-21441 (base 5) to base 11
-1140
What is -13320331 (base 4) in base 10?
-32317
What is -703 (base 13) in base 15?
-541
-16560 (base 10) to base 3
-211201100
Convert 41503 (base 6) to base 9.
7583
What is -1302 (base 5) in base 12?
-14a
Convert -1111011 (base 2) to base 9.
-146
Convert -13514 (base 6) to base 13.
-c82
Convert 48135 (base 9) to base 11.
22203
-42430 (base 5) to base 13
-13c5
Convert -2000212221 (base 3) to base 6.
-505124
6662 (base 13) to base 11
a7a9
What is -286 (base 13) in base 12?
-314
Convert -111001010011 (base 2) to base 10.
-3667
What is -1012201 (base 3) in base 16?
-373
Convert 53 (base 15) to base 13.
60
-5026 (base 12) to base 13
-3c3c
Convert 309 (base 13) to base 9.
633
14bc1 (base 15) to base 3
10101121101
Convert -254 (base 13) to base 9.
-502
Convert -100110000000011 (base 2) to base 6.
-230031
-111112000 (base 3) to base 15
-2dc0
-36124 (base 7) to base 10
-9328
What is -601 (base 14) in base 16?
-499
Convert 3111203 (base 4) to base 9.
20665
Convert -142002 (base 7) to base 11.
-193a6
Convert 41103 (base 10) to base 11.
28977
Convert -12201210 (base 3) to base 12.
-2503
5 (base 6) to base 12
5
444 (base 9) to base 11
301
Convert -1d0 (base 16) to base 3.
-122012
-a011 (base 15) to base 10
-33766
Convert -31121 (base 9) to base 6.
-234544
Convert 1a286 (base 12) to base 13.
14634
What is -4b17 (base 14) in base 12?
-7741
Convert -111011101 (base 2) to base 15.
-21c
12a3 (base 14) to base 4
303033
-1409 (base 10) to base 4
-112001
What is 2332 (base 5) in base 4?
11112
-10100011110111011 (base 2) to base 13
-2c25a
Convert 12143 (base 5) to base 3.
1021012
Convert -2410 (base 8) to base 11.
-a71
-1020 (base 3) to base 4
-201
2201120 (base 3) to base 9
2646
Convert -b189 (base 12) to base 10.
-19257
What is -30 (base 8) in base 7?
-33
-70402 (base 9) to base 15
-da88
Convert -33232 (base 6) to base 5.
-122003
What is 455 (base 13) in base 14?
3b4
Convert -1baa (base 13) to base 14.
-175a
10320120 (base 4) to base 12
b6a0
1143342 (base 5) to base 16
54da
Convert -27b (base 13) to base 5.
-3230
What is -16727 (base 8) in base 16?
-1dd7
-1597 (base 10) to base 15
-717
2142 (base 8) to base 3
1112120
What is 43cc (base 14) in base 2?
10110111100000
What is cc74 (base 14) in base 9?
53473
-260767 (base 8) to base 9
-147263
What is 14466 (base 7) in base 16?
fb1
36 (base 8) to base 15
20
What is -1583 (base 9) in base 15?
-559
What is -3c3 (base 16) in base 13?
-591
Convert -210100 (base 3) to base 10.
-576
Convert 3333302 (base 4) to base 9.
24408
1150141 (base 6) to base 9
102567
-121553 (base 7) to base 16
-56db
20201 (base 3) to base 7
346
Convert 1309 (base 10) to base 7.
3550
Convert 12200033 (base 4) to base 11.
19018
What is 3222 (base 5) in base 10?
437
What is 271 (base 14) in base 7?
1301
Convert 41012 (base 6) to base 3.
21102022
Convert -250 (base 9) to base 15.
-dc
-104 (base 8) to base 6
-152
What is 1010001000110 (base 2) in base 14?
1c6a
Convert -1011011010101 (base 2) to base 6.
-43021
-2344 (base 7) to base 3
-1012001
What is -2282 (base 9) in base 8?
-3236
What is 17 (base 16) in base 12?
1b
What is 584 (base 12) in base 16?
334
Convert 100000 (base 5) to base 8.
6065
Convert -126f (base 16) to base 11.
-3600
What is 881 (base 9) in base 12?
501
Convert 3ba5 (base 12) to base 8.
15355
What is 130603 (base 7) in base 11?
17298
What is 113431 (base 5) in base 16?
1091
-3609 (base 11) to base 2
-1001001111000
5f4 (base 16) to base 9
2073
-cc3 (base 13) to base 3
-10000000
What is -12220200 (base 3) in base 4?
-1003113
Convert -77104 (base 8) to base 14.
-bacc
-2150 (base 9) to base 13
-94b
6259 (base 11) to base 10
8292
-114 (base 16) to base 3
-101020
Convert -331215 (base 6) to base 16.
-6b7b
-1b8 (base 13) to base 11
-271
What is -3105 (base 6) in base 7?
-2003
466 (base 9) to base 8
600
10211000101 (base 3) to base 10
75097
What is 134251 (base 6) in base 11?
9543
Convert -9cd9 (base 14) to base 16.
-6a67
Convert 221222 (base 3) to base 6.
3125
Convert -14331 (base 5) to base 8.
-2300
Convert 31111 (base 4) to base 8.
1525
What is -5a (base 14) in base 6?
-212
Convert -9d (base 14) to base 10.
-139
Convert 544244 (base 6) to base 8.
127744
-594 (base 13) to base 11
-7a9
What is -2c7 (base 14) in base 3?
-210000
What is 1447 (base 8) in base 10?
807
1873 (base 9) to base 7
4131
-22044 (base 7) to base 4
-1112100
What is -26c5 (base 13) in base 7?
-22144
What is 25244 (base 10) in base 8?
61234
What is -4c7b (base 16) in base 12?
-b3b7
101124 (base 6) to base 16
1f6c
1031313 (base 4) to base 8
11567
3b2 (base 13) to base 3
220011
-20230 (base 7) to base 13
-2317
Convert -158 (base 9) to base 14.
-98
What is -20001201 (base 3) in base 16?
-1144
7310 (base 8) to base 10
3784
384 (base 9) to base 3
102211
540332 (base 6) to base 4
22302200
What is -e4 (base 15) in base 8?
-326
What is -2110212 (base 4) in bas